actors of 795387.
3, 265129
List the prime factors of 133128.
2, 3, 43
What are the prime factors of 1672428?
2, 3, 139369
What are the prime factors of 1816026?
2, 3, 313, 967
List the prime factors of 3244143.
3, 7, 29, 761
What are the prime factors of 1200101?
7, 173, 991
List the prime factors of 285334.
2, 7, 89, 229
List the prime factors of 180510.
2, 3, 5, 11, 547
List the prime factors of 1267054.
2, 233, 2719
List the prime factors of 310439.
310439
What are the prime factors of 56692?
2, 14173
What are the prime factors of 1283119?
1283119
List the prime factors of 2046640.
2, 5, 25583
List the prime factors of 2366405.
5, 317, 1493
List the prime factors of 771232.
2, 7, 11, 313
List the prime factors of 202091.
179, 1129
What are the prime factors of 1871825?
5, 74873
What are the prime factors of 617249?
617249
List the prime factors of 12151459.
12151459
What are the prime factors of 42962?
2, 21481
What are the prime factors of 1502780?
2, 5, 29, 2591
What are the prime factors of 709929?
3, 11, 71, 101
List the prime factors of 315116.
2, 78779
List the prime factors of 1498338.
2, 3, 3083
What are the prime factors of 182609?
7, 19, 1373
What are the prime factors of 249775?
5, 97, 103
What are the prime factors of 438872?
2, 7, 17, 461
List the prime factors of 1374953.
1374953
What are the prime factors of 81442?
2, 43, 947
What are the prime factors of 65805?
3, 5, 41, 107
What are the prime factors of 2166138?
2, 3, 13, 9257
What are the prime factors of 7619801?
7, 1088543
List the prime factors of 11301129.
3, 7, 179383
What are the prime factors of 222458?
2, 111229
List the prime factors of 6980019.
3, 2326673
What are the prime factors of 229066?
2, 53, 2161
What are the prime factors of 254317?
7, 47, 773
List the prime factors of 1611277.
17, 94781
List the prime factors of 26130217.
1019, 25643
What are the prime factors of 35039?
37, 947
List the prime factors of 5474909.
11, 497719
List the prime factors of 3516290.
2, 5, 79, 4451
What are the prime factors of 8398900?
2, 5, 47, 1787
List the prime factors of 14751711.
3, 13, 59, 2137
What are the prime factors of 79743?
3, 19, 1399
List the prime factors of 303147.
3, 13, 2591
What are the prime factors of 209705?
5, 41941
What are the prime factors of 169388?
2, 17, 47, 53
List the prime factors of 350979.
3, 116993
What are the prime factors of 1195754?
2, 7, 85411
List the prime factors of 80532.
2, 3, 2237
List the prime factors of 1913229.
3, 47, 4523
List the prime factors of 682472.
2, 7, 1741
What are the prime factors of 10470962?
2, 5235481
What are the prime factors of 3263524?
2, 11, 17, 4363
List the prime factors of 21772810.
2, 5, 2177281
What are the prime factors of 2990551?
2990551
What are the prime factors of 5216910?
2, 3, 5, 173897
List the prime factors of 164053.
29, 5657
What are the prime factors of 11381237?
7, 37, 43943
What are the prime factors of 61457?
11, 37, 151
What are the prime factors of 52877?
11, 19, 23
What are the prime factors of 4752018?
2, 3, 227, 1163
List the prime factors of 1202142.
2, 3, 200357
List the prime factors of 1803826.
2, 71, 12703
What are the prime factors of 931477?
23, 40499
List the prime factors of 90796.
2, 22699
List the prime factors of 4235386.
2, 173, 12241
List the prime factors of 1033370.
2, 5, 13, 7949
List the prime factors of 1706866.
2, 7, 17417
List the prime factors of 3681747.
3, 136361
List the prime factors of 605380.
2, 5, 30269
What are the prime factors of 1544957?
1544957
What are the prime factors of 615176?
2, 131, 587
What are the prime factors of 123014?
2, 61507
List the prime factors of 2072395.
5, 13, 31883
List the prime factors of 2200928.
2, 109, 631
List the prime factors of 1584814.
2, 7, 11, 41, 251
What are the prime factors of 10041110?
2, 5, 23, 149, 293
List the prime factors of 1504190.
2, 5, 349, 431
List the prime factors of 1064052.
2, 3, 11, 2687
List the prime factors of 170252.
2, 31, 1373
What are the prime factors of 2939493?
3, 979831
List the prime factors of 4285214.
2, 29, 73883
List the prime factors of 30276103.
11, 13, 193, 1097
List the prime factors of 208416.
2, 3, 13, 167
What are the prime factors of 12383422?
2, 6191711
What are the prime factors of 2935079?
7, 419297
What are the prime factors of 1185037?
7, 31, 43, 127
List the prime factors of 9962731.
17, 37, 47, 337
What are the prime factors of 3374698?
2, 23, 73363
List the prime factors of 9444023.
937, 10079
What are the prime factors of 164090?
2, 5, 61, 269
What are the prime factors of 10405496?
2, 17, 76511
List the prime factors of 41169.
3, 13723
List the prime factors of 276262.
2, 7, 2819
List the prime factors of 2504329.
2504329
List the prime factors of 63516.
2, 3, 67, 79
What are the prime factors of 1428914?
2, 19, 31, 1213
List the prime factors of 665654.
2, 11, 79, 383
What are the prime factors of 7948317?
3, 13, 23, 8861
What are the prime factors of 6465166?
2, 1063, 3041
What are the prime factors of 334761?
3, 7, 19, 839
What are the prime factors of 25048762?
2, 257, 48733
List the prime factors of 178513.
178513
List the prime factors of 193941.
3, 11, 653
What are the prime factors of 15165920?
2, 5, 7, 11, 1231
List the prime factors of 1804555.
5, 107, 3373
List the prime factors of 785804.
2, 151, 1301
What are the prime factors of 16897763?
3413, 4951
What are the prime factors of 34527073?
7, 4932439
List the prime factors of 948915.
3, 5, 11, 71
List the prime factors of 19146850.
2, 5, 569, 673
What are the prime factors of 2108716?
2, 527179
List the prime factors of 18522456.
2, 3, 771769
List the prime factors of 28031888.
2, 1751993
What are the prime factors of 1567262?
2, 47, 16673
List the prime factors of 1098444.
2, 3, 239, 383
List the prime factors of 1089782.
2, 109, 4999
List the prime factors of 897263.
897263
List the prime factors of 850028.
2, 212507
What are the prime factors of 74867?
13, 443
List the prime factors of 358461.
3, 39829
List the prime factors of 2648599.
29, 91331
What are the prime factors of 2136099?
3, 7, 101719
List the prime factors of 13073222.
2, 6536611
List the prime factors of 37939.
11, 3449
What are the prime factors of 10181280?
2, 3, 5, 21211
List the prime factors of 12461.
17, 733
What are the prime factors of 769468?
2, 7, 27481
What are the prime factors of 13583241?
3, 7, 10267
List the prime factors of 644676.
2, 3, 31, 1733
What are the prime factors of 150493?
7, 21499
What are the prime factors of 1392900?
2, 3, 5, 4643
List the prime factors of 4848456.
2, 3, 269, 751
What are the prime factors of 7898023?
7, 1128289
List the prime factors of 375230.
2, 5, 157, 239
List the prime factors of 211797.
3, 101, 233
What are the prime factors of 1076620?
2, 5, 53831
What are the prime factors of 390310?
2, 5, 23, 1697
What are the prime factors of 6458295?
3, 5, 430553
What are the prime factors of 1368189?
3, 281, 541
List the prime factors of 3166615.
5, 739, 857
What are the prime factors of 697578?
2, 3, 7, 17, 977
List the prime factors of 385528.
2, 11, 13, 337
List the prime factors of 1312224.
2, 3, 13669
What are the prime factors of 151935?
3, 5, 7, 1447
List the prime factors of 1360146.
2, 3, 226691
List the prime factors of 2104499.
2104499
What are the prime factors of 29964513?
3, 9988171
List the prime factors of 1599540.
2, 3, 5, 53, 503
What are the prime factors of 565740?
2, 3, 5, 7, 449
List the prime factors of 20952.
2, 3, 97
List the prime factors of 3539627.
7, 13, 97, 401
What are the prime factors of 910126?
2, 7, 37, 251
List the prime factors of 104346.
2, 3, 11, 17, 31
List the prime factors of 6704068.
2, 7, 239431
List the prime factors of 808634.
2, 23, 17579
List the prime factors of 208354.
2, 19, 5483
What are the prime factors of 3001084?
2, 401, 1871
List the prime factors of 58582.
2, 17, 1723
List the prime factors of 193510.
2, 5, 37, 523
What are the prime factors of 225301?
17, 29, 457
List the prime factors of 13405952.
2, 7, 7481
What are the prime factors of 484782?
2, 3, 43, 1879
List the prime factors of 423418.
2, 127, 1667
List the prime factors of 8146792.
2, 47, 461
List the prime factors of 354497.
11, 13, 37, 67
What are the prime factor